{"id":6554,"date":"2024-12-19T02:22:26","date_gmt":"2024-12-19T02:22:26","guid":{"rendered":"https:\/\/www.muchoruidoacademy.com\/web\/?page_id=6554"},"modified":"2025-12-26T02:12:29","modified_gmt":"2025-12-26T02:12:29","slug":"logic-pro-x-3","status":"publish","type":"page","link":"https:\/\/www.muchoruidoacademy.com\/web\/logic-pro-x-3\/","title":{"rendered":"Logic Pro X Online"},"content":{"rendered":"\t\t<div data-elementor-type=\"wp-page\" data-elementor-id=\"6554\" class=\"elementor elementor-6554\" data-elementor-post-type=\"page\">\n\t\t\t\t\t\t<section class=\"elementor-section elementor-top-section elementor-element elementor-element-3b8e164 elementor-section-full_width qodef-elementor-content-grid elementor-section-height-default elementor-section-height-default\" data-id=\"3b8e164\" data-element_type=\"section\" data-e-type=\"section\">\n\t\t\t\t\t\t<div class=\"elementor-container elementor-column-gap-default\">\n\t\t\t\t\t<div class=\"elementor-column elementor-col-100 elementor-top-column elementor-element elementor-element-17e427f\" data-id=\"17e427f\" data-element_type=\"column\" data-e-type=\"column\">\n\t\t\t<div class=\"elementor-widget-wrap elementor-element-populated\">\n\t\t\t\t\t\t<div class=\"elementor-element elementor-element-3ee1f93 elementor-widget elementor-widget-rawtracks_core_section_title\" data-id=\"3ee1f93\" data-element_type=\"widget\" data-e-type=\"widget\" data-widget_type=\"rawtracks_core_section_title.default\">\n\t\t\t\t<div class=\"elementor-widget-container\">\n\t\t\t\t\t<div class=\"qodef-shortcode qodef-m  qodef-section-title qodef-alignment--left  \">\n\t\t<span class=\"qodef-m-title\" style=\"color: #000000\">\n\t\tMUCHO RUIDO<br \/> ACADEMY\t\t<\/span>\n\t\t<p class=\"qodef-m-tagline\" style=\"color: #000000\">Te invita a formarte como productor profesional de m\u00fasica electr\u00f3nica<\/p>\n\t\t\t<div class=\"qodef-m-button\">\n\t\t\t\t\t<a class=\"qodef-shortcode qodef-m  qodef-button qodef-layout--filled-rounded-small  qodef-html--link\" href=\"\" target=\"_self\"  >\t<span class=\"qodef-m-icon\"><svg class=\"qodef-svg--banner-arrow\" xmlns=\"http:\/\/www.w3.org\/2000\/svg\"     xmlns:xlink=\"http:\/\/www.w3.org\/1999\/xlink\" x=\"0px\" y=\"0px\" width=\"19\" height=\"19\"     viewBox=\"0 0 19 19\" style=\"enable-background:new 0 0 19 19;\" xml:space=\"preserve\"><line x1=\"1\" y1=\"18\" x2=\"17.8\" y2=\"1.2\"\/><line x1=\"1.2\" y1=\"1\" x2=\"18\" y2=\"1\"\/><line x1=\"18\" y1=\"17.8\" x2=\"18\" y2=\"1\"\/><\/svg><\/span><\/a>\t\t\t<\/div>\n<\/div>\n\t\t\t\t<\/div>\n\t\t\t\t<\/div>\n\t\t\t\t<div class=\"elementor-element elementor-element-ba9e05a elementor-widget elementor-widget-text-editor\" data-id=\"ba9e05a\" data-element_type=\"widget\" data-e-type=\"widget\" data-widget_type=\"text-editor.default\">\n\t\t\t\t<div class=\"elementor-widget-container\">\n\t\t\t\t\t\t\t\t\t<p><strong>Descripcion curso Logic Pro X Online:<\/strong><\/p><p>Este es el primer paso para acceder a la\u00a0Producci\u00f3n de la M\u00fasica Electr\u00f3nica\u00a0y otros<br \/>g\u00e9neros musicales de una forma estructurada y profesional. Este curso te ser\u00e1 de gran<br \/>utilidad tanto si estas comenzando desde cero, o como si ya llevas alg\u00fan tiempo<br \/>dedic\u00e1ndote a la produccion, ya que te permitir\u00e1 poner en orden tus ideas y te har\u00e1 avanzar<br \/>r\u00e1pidamente en tus proyectos. En \u00e9l se proporcionan las bases y las nociones necesarias<br \/>para progresar hacia la creaci\u00f3n y producci\u00f3n musical mediante las herramientas y las<br \/>aplicaciones inform\u00e1ticas (software) m\u00e1s habituales en los estudios de producci\u00f3n musical.<br \/>Toda la actividad de nuetro curso online se lleva a cabo en nuestro\u00a0campo virtual, accesible<br \/>desde cualquier dispostivo personal, ya sea ordenador, tableta o m\u00f3vil. se llevan a cabo<br \/>tareas y discusiones en grupo, se desarrollan proyectos musicales, se contacta tanto con los<br \/>instructores como con los compa\u00f1eros del curso, administrando el tiempo seg\u00fan las<br \/>necesidades y disponibilidad para vivir una\u00a0experiencia de aprendizaje satisfactoria y<br \/>completa.<\/p><p><strong>TEMARIO:<\/strong><br \/>En el curso se abordar\u00e1n los siguientes temas y conceptos de producci\u00f3n:<br \/>\uf0b7 Fundamentos de sonido y equipo para la producci\u00f3n.<br \/>\uf0b7 Estaciones de trabajo (DAW)<br \/>\uf0b7 Configurar tu software desde cero.<br \/>\uf0b7 Conocer la grilla, uso del secuenciador y la programaci\u00f3n MIDI.<br \/>\uf0b7 Sintetizadores, uso de librer\u00eda y los samplers.<br \/>\uf0b7 Diseno sonoro, ondas y envolventes.<br \/>\uf0b7 Grabaci\u00f3n anal\u00f3gica, digitales, utilizaci\u00f3n de los efectos y el proceso MIDI.<br \/>\uf0b7 Introducci\u00f3n y tecnicas para la mezcla, y el mastering.<\/p><p><strong>Requisitos:<\/strong><br \/>\uf0b7 Ser mayor de 18 a\u00f1os<br \/>\uf0b7 Para llevar a cabo el curso son necesarios los siguientes dispositivos:<br \/>\uf0b7 Ordenador, computadora de escritorio o portatil.<br \/>\uf0b7 Controlador MIDI (teclado)<br \/>\uf0b7 Audifonos de studio.<br \/>\uf0b7 Cuaderno o block de notas.<br \/>\uf0b7 Interface de audio compatible con Logic Pro X.<br \/>\uf0b7 Sistema de monitoreo externo, tales como altavoces, o monitores de estudio<br \/>\uf0b7 DAW (Logic Pro X)<\/p><p><strong>Modalidad Online:<\/strong><\/p><p>Este curso se dicta en su totalidad en l\u00ednea, y es una experiencia distinta de un curso<br \/>presencial dado que ni los compa\u00f1eros ni los instructores est\u00e1n ubicados en un mismo<br \/>espacio ni coinciden en el mismo horario.<br \/>Todas las actividades, tanto individuales como en grupo, se llevan a cabo en un entorno de<br \/>aprendizaje virtual, el cual est\u00e1 moderado por diversos Coachs especializados con amplia y<br \/>reconocida trayectoria en la industria musical, con el plus de la experiencia profesional en<br \/>las materias impartidas que dan soporte constante, asegurando una\u00a0experiencia de<br \/>aprendizaje completa, con acesorias estimulantes y satisfactoria.<\/p><p>El campus virtual es accesible en cualquier lugar y en cualquier hora. En nuestro entorno<br \/>virtual se dan diferentes actividades de aprendizaje. Por un lado se encuentran la\u00a0consulta<\/p><p>de contenidos en l\u00ednea\u00a0y que proveen del marco conceptual necesario para llevar a cabo las<br \/>pr\u00e1cticas.<\/p><p>Los\u00a0cuestionarios autoevaluables\u00a0permiten observar el progreso en la adquisici\u00f3n de dichos<br \/>conocimientos y metologia:<br \/>avanzar hacia conceptos e ideas de mayor complejidad. Se incluyen otras formas de<br \/>evaluaci\u00f3n complementarias e individuales como los\u00a0ejercicios de entrega, relacionados<br \/>frecuentemente con aspectos t\u00e9cnicos (uso del DAW, procesamiento de mezcla, y<br \/>mastering) o con ensayos de investigaci\u00f3n.<\/p><p>Para complementar el autoaprendizaje nuestro curso ofrece algunas\u00a0master class. Nuestra<br \/>metodolog\u00eda tambi\u00e9n se fundamenta fuertemente en el\u00a0trabajo por proyectos, los\u00a0foros de<br \/>discusi\u00f3n, y el\u00a0trabajo en grupo\u00a0(en el caso de que que la cantidad alumnus lo permita), los<br \/>cuales tienen como objeto el aprendizaje, el desarrollo de la\u00a0capacidad cr\u00edtica\u00a0en el an\u00e1lisis<br \/>de informaci\u00f3n como atributos indispensables de los estudiantes para su futura inserci\u00f3n en<br \/>el mundo de la industria musical.<br \/>La comunicaci\u00f3n con la academia y con los instructores se lleva a cabo de dos maneras:<br \/>por un lado usando las plataformas de Whatsapp o E-mails, y por el otro los chats en las<br \/>clases online por la plata forma Zoom.<br \/>La evaluaci\u00f3n de todas las actividades se apuntan en un\u00a0cuaderno o block de notas\u00a0que cada<br \/>alumno debe tener en su clase, para que pueda consultar y examinar su progreso. Dado que<br \/>evaluamos todas las actividades\u00a0indispensable para que el alumno este motivado a su<br \/>compromiso firme y continuo\u00a0a lo largo del curso, el cual ver\u00e1 reforzado constantente por el<br \/>seguimiento del coach.<\/p><p>Todos los trabajos desarrollados en el curso son importantes y uno de los objetivos es<br \/>plasmar el resultado del aprendizaje en un\u00a0portafolio digital\u00a0que muestre los proyectos y<br \/>actividades realizadas. en tal sentido todo el material metodologico tales como guias,<br \/>apuntes, acesorias y glosarios suministrados por la academia deberan ser su material para<br \/>hacer su examen final y recibir su certificacion al finalizar el mismo, lo que nos garantizara<br \/>que el alumno ciertamente aprob\u00f3 y cubri\u00f3 los est\u00e1ndares de las nociones impartidas<br \/>durante la totalidad del curso.<\/p><p><strong>OBJETIVOS:<\/strong><br \/>Para Mucho Ruido Academy, el objetivo principal estar\u00e1 basado en la formaci\u00f3n de nuevos<br \/>talentos profesionales formados con la metodolog\u00eda particular proveniente de la reconocida<br \/>experiencia y trayectoria de los instructores y de nuestro exlusivo sistema progresivo de<br \/>aprendizaje, teniendo la finalidad que el alumno reconozca el procedimiento eficaz<br \/>intuitivamente para crear su propia musica usando las tendencias modernas y la tecnologia<br \/>de vanguardia para la realizaci\u00f3n de sus obras como art\u00edsta pudiendo desarrollar su proceso<br \/>artistico en un ambiente exclusivo de tecnicas y herramientas \u00fanicas configurables para que<br \/>su flujo de trabajo lo lleve al nivel de cratividad donde el unico limite estara en su mente,<br \/>en tal sentido sera capaz de:<\/p><p>\uf0b7 Organizar todo su material de trabajo en su ordenador, o portatil.<br \/>\uf0b7 Qu\u00e9 es lo primero que haces cuando vas a iniciar un Proyecto nuevo?<br \/>\uf0b7 Qu\u00e9 es MIDI y como se puede usar ?<br \/>\uf0b7 C\u00f3mo funcionan los sintetizadores y las cajas de ritmos?<br \/>\uf0b7 C\u00f3mo sacarle todo el provecho al DAWs para la composici\u00f3n de ritmos y melod\u00edas?<br \/>\uf0b7 Cuales son los los diferentes g\u00e9neros de la electronica y otros ?<\/p><p><strong>HORARIOS:<\/strong><br \/>El curso se inicia cuando tu lo desees (8 semanas de duraci\u00f3n, dos clases por semana. De<br \/>dos horas cada una)<br \/>Las actividades y los m\u00f3dulos se van desarrollando seg\u00fan el calendario, por lo que son los<br \/>estudiantes los responsables de administrar su tiempo y su dedicaci\u00f3n semanal, aunque es<br \/>conveniente tomar como referencia su ciudad o pais y su horario actual como requisito<br \/>importante.<br \/>Formas de pago:<br \/>Aceptamos: Credit Card. Debit Card.<br \/>Transferencia: Zelle. Paypal.<br \/>Inscripci\u00f3n + reserva de plaza: $ 100<br \/>Matricula: Comenzando los cursos\u00a0 desde $1400<br \/>Informaci\u00f3n a trav\u00e9s del tel\u00e9fono (phone) +1 (954) 515-2994<br \/>Info@cursos.muchoruidoacademy.com<\/p><p><a href=\"https:\/\/www.muchoruidoacademy.com\/web\/privacy-policy-2\/\">Privacy Policy<\/a><\/p>\t\t\t\t\t\t\t\t<\/div>\n\t\t\t\t<\/div>\n\t\t\t\t\t<\/div>\n\t\t<\/div>\n\t\t\t\t\t<\/div>\n\t\t<\/section>\n\t\t<div class=\"elementor-element elementor-element-460a688 e-flex e-con-boxed qodef-elementor-content-no e-con e-parent\" data-id=\"460a688\" data-element_type=\"container\" data-e-type=\"container\" data-settings=\"{&quot;background_background&quot;:&quot;classic&quot;}\">\n\t\t\t\t\t<div class=\"e-con-inner\">\n\t\t<div class=\"elementor-element elementor-element-ab98e41 e-con-full e-flex qodef-elementor-content-no e-con e-child\" data-id=\"ab98e41\" data-element_type=\"container\" data-e-type=\"container\">\n\t\t\t\t<div class=\"elementor-element elementor-element-f1606c3 elementor-widget elementor-widget-heading\" data-id=\"f1606c3\" data-element_type=\"widget\" data-e-type=\"widget\" data-widget_type=\"heading.default\">\n\t\t\t\t<div class=\"elementor-widget-container\">\n\t\t\t\t\t<h3 class=\"elementor-heading-title elementor-size-default\">\u00a1Atr\u00e9vete! y acepta el desaf\u00edo<\/h3>\t\t\t\t<\/div>\n\t\t\t\t<\/div>\n\t\t\t\t<div class=\"elementor-element elementor-element-56b6081 elementor-widget elementor-widget-text-editor\" data-id=\"56b6081\" data-element_type=\"widget\" data-e-type=\"widget\" data-widget_type=\"text-editor.default\">\n\t\t\t\t<div class=\"elementor-widget-container\">\n\t\t\t\t\t\t\t\t\t<p>Es tu momento para crear, editar, hacer Mashup y tus propios tracks<\/p>\t\t\t\t\t\t\t\t<\/div>\n\t\t\t\t<\/div>\n\t\t\t\t<\/div>\n\t\t<div class=\"elementor-element elementor-element-ad1b7a1 e-con-full e-flex qodef-elementor-content-no e-con e-child\" data-id=\"ad1b7a1\" data-element_type=\"container\" data-e-type=\"container\">\n\t\t\t\t<div class=\"elementor-element elementor-element-d534c11 elementor-widget elementor-widget-qi_addons_for_elementor_button\" data-id=\"d534c11\" data-element_type=\"widget\" data-e-type=\"widget\" data-widget_type=\"qi_addons_for_elementor_button.default\">\n\t\t\t\t<div class=\"elementor-widget-container\">\n\t\t\t\t\t<a class=\"qodef-shortcode qodef-m qodef-qi-button qodef-html--link qodef-layout--filled qodef-type--standard qodef-size--full qodef-icon--right qodef-hover--icon-move-horizontal-short\" href=\"https:\/\/www.muchoruidoacademy.com\/web\/wpec-payment-box\/?product_id=6201\" target=\"_blank\">\n\t<span class=\"qodef-m-text\">Inscripci\u00f3n + Reserva<\/span>\n\t<\/a>\n\t\t\t\t<\/div>\n\t\t\t\t<\/div>\n\t\t\t\t<\/div>\n\t\t\t\t\t<\/div>\n\t\t\t\t<\/div>\n\t\t\t\t<\/div>\n\t\t","protected":false},"excerpt":{"rendered":"<p>MUCHO RUIDO ACADEMY Te invita a formarte como productor profesional de m\u00fasica electr\u00f3nica Descripcion curso Logic Pro X Online: Este es el primer paso para acceder a la\u00a0Producci\u00f3n de la M\u00fasica Electr\u00f3nica\u00a0y otrosg\u00e9neros musicales de una forma estructurada y profesional. Este curso te ser\u00e1 de granutilidad tanto si estas comenzando desde cero, o como si [&hellip;]<\/p>\n","protected":false},"author":1,"featured_media":0,"parent":0,"menu_order":0,"comment_status":"closed","ping_status":"closed","template":"page-full-width.php","meta":{"footnotes":""},"class_list":["post-6554","page","type-page","status-publish","hentry"],"_links":{"self":[{"href":"https:\/\/www.muchoruidoacademy.com\/web\/wp-json\/wp\/v2\/pages\/6554","targetHints":{"allow":["GET"]}}],"collection":[{"href":"https:\/\/www.muchoruidoacademy.com\/web\/wp-json\/wp\/v2\/pages"}],"about":[{"href":"https:\/\/www.muchoruidoacademy.com\/web\/wp-json\/wp\/v2\/types\/page"}],"author":[{"embeddable":true,"href":"https:\/\/www.muchoruidoacademy.com\/web\/wp-json\/wp\/v2\/users\/1"}],"replies":[{"embeddable":true,"href":"https:\/\/www.muchoruidoacademy.com\/web\/wp-json\/wp\/v2\/comments?post=6554"}],"version-history":[{"count":16,"href":"https:\/\/www.muchoruidoacademy.com\/web\/wp-json\/wp\/v2\/pages\/6554\/revisions"}],"predecessor-version":[{"id":7000,"href":"https:\/\/www.muchoruidoacademy.com\/web\/wp-json\/wp\/v2\/pages\/6554\/revisions\/7000"}],"wp:attachment":[{"href":"https:\/\/www.muchoruidoacademy.com\/web\/wp-json\/wp\/v2\/media?parent=6554"}],"curies":[{"name":"wp","href":"https:\/\/api.w.org\/{rel}","templated":true}]}}