{"id":5758,"date":"2023-05-26T19:30:52","date_gmt":"2023-05-26T19:30:52","guid":{"rendered":"https:\/\/www.muchoruidoacademy.com\/web\/?page_id=5758"},"modified":"2023-05-26T19:37:20","modified_gmt":"2023-05-26T19:37:20","slug":"politicas","status":"publish","type":"page","link":"https:\/\/www.muchoruidoacademy.com\/web\/politicas\/","title":{"rendered":"Politicas"},"content":{"rendered":"\t\t<div data-elementor-type=\"wp-page\" data-elementor-id=\"5758\" class=\"elementor elementor-5758\" data-elementor-post-type=\"page\">\n\t\t\t\t\t\t<section class=\"elementor-section elementor-top-section elementor-element elementor-element-47f5410 elementor-section-full_width qodef-elementor-content-grid elementor-section-height-default elementor-section-height-default\" data-id=\"47f5410\" data-element_type=\"section\" data-e-type=\"section\">\n\t\t\t\t\t\t<div class=\"elementor-container elementor-column-gap-default\">\n\t\t\t\t\t<div class=\"elementor-column elementor-col-100 elementor-top-column elementor-element elementor-element-8b94639\" data-id=\"8b94639\" data-element_type=\"column\" data-e-type=\"column\">\n\t\t\t<div class=\"elementor-widget-wrap elementor-element-populated\">\n\t\t\t\t\t\t<div class=\"elementor-element elementor-element-41f30d5 elementor-widget elementor-widget-rawtracks_core_section_title\" data-id=\"41f30d5\" data-element_type=\"widget\" data-e-type=\"widget\" data-widget_type=\"rawtracks_core_section_title.default\">\n\t\t\t\t<div class=\"elementor-widget-container\">\n\t\t\t\t\t<div class=\"qodef-shortcode qodef-m  qodef-section-title qodef-alignment--left  \">\n\t\t<h2 class=\"qodef-m-title\" style=\"color: #000000\">\n\t\tPOLITICAS DE<br \/> FINANZAS Y <span class=\"qodef-custom-styles\">REEMBOLSOS<\/span><br \/> DE <span class=\"qodef-custom-styles\">MUCHO<\/span><br \/> RUIDO ACADEMY:\t\t<\/h2>\n\t\t\t\t<div class=\"qodef-m-button\">\n\t\t\t\t\t<a class=\"qodef-shortcode qodef-m  qodef-button qodef-layout--filled-rounded-small  qodef-html--link\" href=\"\" target=\"_self\"  >\t<span class=\"qodef-m-icon\"><svg class=\"qodef-svg--banner-arrow\" xmlns=\"http:\/\/www.w3.org\/2000\/svg\"     xmlns:xlink=\"http:\/\/www.w3.org\/1999\/xlink\" x=\"0px\" y=\"0px\" width=\"19\" height=\"19\"     viewBox=\"0 0 19 19\" style=\"enable-background:new 0 0 19 19;\" xml:space=\"preserve\"><line x1=\"1\" y1=\"18\" x2=\"17.8\" y2=\"1.2\"\/><line x1=\"1.2\" y1=\"1\" x2=\"18\" y2=\"1\"\/><line x1=\"18\" y1=\"17.8\" x2=\"18\" y2=\"1\"\/><\/svg><\/span><\/a>\t\t\t<\/div>\n<\/div>\n\t\t\t\t<\/div>\n\t\t\t\t<\/div>\n\t\t\t\t<div class=\"elementor-element elementor-element-fd7e695 elementor-widget elementor-widget-text-editor\" data-id=\"fd7e695\" data-element_type=\"widget\" data-e-type=\"widget\" data-widget_type=\"text-editor.default\">\n\t\t\t\t<div class=\"elementor-widget-container\">\n\t\t\t\t\t\t\t\t\t<p>El prop\u00f3sito de esta pol\u00edtica es proporcionar orientaci\u00f3n y claridad sobre la responsabilidad personal de los estudiantes por los aranceles y el enfoque de Mucho Ruido Academy a las reducciones o reembolsos. Aqu\u00ed podr\u00e1n conseguir todos los detalles sobre la forma en que se calcular\u00e1n los mismos en caso de que los estudiantes se retiren o suspendan sus estudios por cualquier motivo, luego de haber completado la inscripci\u00f3n inicial.<\/p><p>Esta pol\u00edtica se relaciona con la responsabilidad personal del alumno por las tasas de matr\u00edcula, independientemente de la fuente de financiaci\u00f3n. Sin embargo, cuando se hace referencia a los reembolsos, estos solo se relacionan con la porci\u00f3n de la tarifa de matr\u00edcula que paga directamente el estudiante o un patrocinador privado.<\/p><p>Los reembolsos por retiros realizados dentro del per\u00edodo de \u00abEnfriamiento\u00bb, y de acuerdo con el procedimiento a Mucho Ruido Academy, son autom\u00e1ticos.<\/p><p>Todas las dem\u00e1s solicitudes de reembolsos o reducciones deben hacerse por escrito a Mucho Ruido Academy y ser\u00e1n consideradas por Mucho Ruido Entertainment Corp.<\/p><p>Todos los reembolsos o reducciones relacionados a la tarifa quedan a entera discreci\u00f3n del equipo de Mucho Ruido Academy.<\/p><p>Para evitar dudas, esta pol\u00edtica puede modificarse sin previo aviso, de acuerdo a la din\u00e1mica del d\u00eda a d\u00eda. Las actualizaciones estar\u00e1n disponibles en todo momento para los estudiantes.<\/p><p><strong>HONORARIOS DE INSCRIPCI\u00d3N:<\/strong><\/p><ul><li>La tarifa de inscripci\u00f3n para cada curso se puede encontrar en la p\u00e1gina de \u201cInscripci\u00f3n\u201d del curso elegido.<\/li><li>Los estudiantes que desean estudiar un curso pr\u00e1ctico deben pagar la tarifa de registro como m\u00ednimo para asegurar su lugar en el curso elegido.<\/li><li>Los que soliciten directamente su cupo a trav\u00e9s de Mucho Ruido Academy para estudiar uno de los cursos, tambi\u00e9n deben pagar una tarifa de registro. La tarifa de inscripci\u00f3n se utilizar\u00e1 para el pago de la matr\u00edcula.<\/li><li>Si un estudiante ha pagado la tarifa de inscripci\u00f3n y desea pagar el restante del curso, el saldo debe recibirse a m\u00e1s tardar tres (3) d\u00edas antes del comienzo del curso del estudiante.<\/li><\/ul><p><strong>PAGOS TARD\u00cdOS<\/strong><\/p><p>Si no se recibe el pago del curso (ya sea como una cuota u otro pago) antes de la fecha de vencimiento, Mucho Ruido Academy se reserva el derecho de cancelar el (los) curso (s) relevante (s) directamente o suspender su derecho a asistir hasta que dicho (s) pago (s) sea realizado.<\/p><p>*Los pagos atrasados repetidos pueden resultar en la terminaci\u00f3n de los cursos aplicables.<\/p>\t\t\t\t\t\t\t\t<\/div>\n\t\t\t\t<\/div>\n\t\t\t\t\t<\/div>\n\t\t<\/div>\n\t\t\t\t\t<\/div>\n\t\t<\/section>\n\t\t\t\t<\/div>\n\t\t","protected":false},"excerpt":{"rendered":"<p>POLITICAS DE FINANZAS Y REEMBOLSOS DE MUCHO RUIDO ACADEMY: El prop\u00f3sito de esta pol\u00edtica es proporcionar orientaci\u00f3n y claridad sobre la responsabilidad personal de los estudiantes por los aranceles y el enfoque de Mucho Ruido Academy a las reducciones o reembolsos. Aqu\u00ed podr\u00e1n conseguir todos los detalles sobre la forma en que se calcular\u00e1n los [&hellip;]<\/p>\n","protected":false},"author":1,"featured_media":0,"parent":0,"menu_order":0,"comment_status":"closed","ping_status":"closed","template":"page-full-width.php","meta":{"footnotes":""},"class_list":["post-5758","page","type-page","status-publish","hentry"],"_links":{"self":[{"href":"https:\/\/www.muchoruidoacademy.com\/web\/wp-json\/wp\/v2\/pages\/5758","targetHints":{"allow":["GET"]}}],"collection":[{"href":"https:\/\/www.muchoruidoacademy.com\/web\/wp-json\/wp\/v2\/pages"}],"about":[{"href":"https:\/\/www.muchoruidoacademy.com\/web\/wp-json\/wp\/v2\/types\/page"}],"author":[{"embeddable":true,"href":"https:\/\/www.muchoruidoacademy.com\/web\/wp-json\/wp\/v2\/users\/1"}],"replies":[{"embeddable":true,"href":"https:\/\/www.muchoruidoacademy.com\/web\/wp-json\/wp\/v2\/comments?post=5758"}],"version-history":[{"count":0,"href":"https:\/\/www.muchoruidoacademy.com\/web\/wp-json\/wp\/v2\/pages\/5758\/revisions"}],"wp:attachment":[{"href":"https:\/\/www.muchoruidoacademy.com\/web\/wp-json\/wp\/v2\/media?parent=5758"}],"curies":[{"name":"wp","href":"https:\/\/api.w.org\/{rel}","templated":true}]}}